base 10, what is -26064944 - -6?
-26064938
In base 14, what is 3d1d70 + -8?
3d1d66
In base 7, what is 3114 + 1362?
4506
In base 12, what is 2 - -21912991?
21912993
In base 4, what is 32 - 10010003211202?
-10010003211110
In base 14, what is -1 + 24701b?
24701a
In base 8, what is 747 - 2234?
-1265
In base 2, what is 101 + 111111010000010011100?
111111010000010100001
In base 8, what is 20 + 53732?
53752
In base 6, what is 122110054 - 30?
122110024
In base 10, what is -13 + 853834?
853821
In base 12, what is 86661 + -1421?
85240
In base 3, what is 12002 - -22012122012?
22012211021
In base 8, what is -13 + -1540452?
-1540465
In base 10, what is 604529 - -121?
604650
In base 16, what is 4e19faf - a?
4e19fa5
In base 8, what is -5 - -10541150?
10541143
In base 13, what is 3061669 - 0?
3061669
In base 12, what is 2b73b1 + -14?
2b7399
In base 6, what is 250 - 233034?
-232344
In base 11, what is 381561 - 32?
38152a
In base 4, what is -11 - -1011023323233?
1011023323222
In base 15, what is 4b90 - 2164?
2a2b
In base 2, what is -1001100110111 - 11000110111?
-1100101101110
In base 4, what is -2000 - 10031221211?
-10031223211
In base 3, what is 1001110 + 101210201?
102212011
In base 11, what is -2980 + -236955?
-239825
In base 5, what is -141303 + 2024212?
1332404
In base 2, what is 1000110010110001010 + 111000?
1000110010111000010
In base 8, what is -367 - 5470573?
-5471162
In base 11, what is -1597 - 159371?
-15a958
In base 2, what is -1 + -1100010000100110110011000?
-1100010000100110110011001
In base 5, what is -20 - -24103200?
24103130
In base 11, what is -131240484 - -3?
-131240481
In base 3, what is 100202200112 - -20?
100202200202
In base 4, what is 10 - -1110231301002?
1110231301012
In base 10, what is -3981569 + -68?
-3981637
In base 3, what is 112 - 12020020121210?
-12020020121021
In base 7, what is -2603 - -531644?
526041
In base 14, what is 29 + -67d1c?
-67cd3
In base 15, what is 263188 - -8d?
263226
In base 2, what is -100000011000110111 - -1111?
-100000011000101000
In base 8, what is 103747572 + -10?
103747562
In base 10, what is -5 + -7443210?
-7443215
In base 4, what is -23033321 - -231113?
-22202202
In base 8, what is -342 + 13547?
13205
In base 12, what is 12 + 854397?
8543a9
In base 3, what is 2 + 1011110022122121020?
1011110022122121022
In base 9, what is 15 + -215568?
-215553
In base 5, what is 22223320 - 230?
22223040
In base 12, what is 2897 + 2100?
4997
In base 9, what is 4 - -74237383?
74237387
In base 8, what is -7714 - 5405?
-15321
In base 7, what is 501112 - -3523?
504635
In base 7, what is -4100 - -221463?
214363
In base 9, what is 5 + 3115877?
3115883
In base 12, what is -201 + -29764?
-29965
In base 8, what is -500 + -211360?
-212060
In base 15, what is 14d7086 + -11?
14d7075
In base 7, what is 55 - 11116250?
-11116162
In base 14, what is -1c9 + -72b3?
-749c
In base 15, what is -15093 + -13?
-150a6
In base 11, what is -242 + -120107?
-120349
In base 10, what is -4 - 7431998?
-7432002
In base 12, what is ba9b2 + -1993?
b901b
In base 7, what is -123 - -64432233?
64432110
In base 6, what is 131122 + -11045?
120033
In base 3, what is -120 - 200111110?
-200112000
In base 9, what is 147706860 + -1?
147706858
In base 16, what is 32ade - 9?
32ad5
In base 5, what is 204 - -1034121220?
1034121424
In base 5, what is 11303 + -212120023?
-212103220
In base 2, what is 10100001001001011111000001 - -1?
10100001001001011111000010
In base 8, what is -3 - -631466?
631463
In base 4, what is -1031 - 33231130?
-33232221
In base 6, what is -4202010 + -10?
-4202020
In base 4, what is 12210333321203 - -3?
12210333321212
In base 14, what is 2 + -19563289?
-19563287
In base 12, what is 9 - 10225?
-10218
In base 12, what is -14b36a + -572?
-14b920
In base 9, what is -11 + 113688582?
113688571
In base 13, what is 7421 + -bb6?
6538
In base 4, what is 2021331 - -3330323?
12012320
In base 4, what is 0 + 332103132200?
332103132200
In base 11, what is -61360 - 233?
-61593
In base 13, what is 4 - -6c3778?
6c377c
In base 10, what is -6845 + 475?
-6370
In base 8, what is 4 + -223644400?
-223644374
In base 12, what is 5 + 2447695a?
24476963
In base 14, what is -1a4949 - 5c?
-1a49a7
In base 6, what is 143133403204 + -2?
143133403202
In base 4, what is 2121202112 - -11320?
2121220032
In base 8, what is -256273600 + 4?
-256273574
In base 3, what is -12111200002222 + -10021?
-12111200020020
In base 16, what is -10d2e0b + -1?
-10d2e0c
In base 7, what is -1633130346 - -2?
-1633130344
In base 2, what is -101001111111100 + -10001011?
-101010010000111
In base 11, what is -2971a - 489?
-2a0a8
In base 13, what is 12bc0994 - -4?
12bc0998
In base 2, what is 1011110001101010111010111 - 11?
1011110001101010111010100
In base 5, what is 0 + -1444410131?
-1444410131
In base 15, what is 1 - -d759?
d75a
In base 6, what is -532150255 - -134?
-532150121
In base 14, what is b - 557a0d?
-557a02
In base 7, what is -53 + -15656341?
-15656424
In base 8, what is -2 + -2020442212?
-2020442214
In base 10, what is -98968 - -61?
-98907
In base 6, what is -4 + -2443333003?
-2443333011
In base 15, what is 1cd90c - -11?
1cd91d
In base 9, what is 8 + -6523070?
-6523061
In base 14, what is 50 + 106c8b?
106cdb
In base 9, what is -208163001 - -3?
-208162887
In base 12, what is 35 + -134b63?
-134b2a
In base 2, what is 10111110000111110001011 + 11?
10111110000111110001110
In base 5, what is -10420 + 120441?
110021
In base 2, what is 11110010001000110000000011 - -100?
11110010001000110000000111
In base 2, what is 1001001100111100101101 + 1001101?
1001001100111101111010
In base 10, what is -25 - 15040511?
-15040536
In base 11, what is 71 - -49864?
49925
In base 9, what is -454 + -43355?
-43820
In base 7, what is 45 + 3446042?
3446120
In base 9, what is 12701 - 1146?
11544
In base 9, what is -232 + 2876867?
2876635
In base 3, what is -221011202 - -10002002?
-211002200
In base 7, what is 2603 - -4003401?
4006304
In base 14, what is 3 - -70cc05?
70cc08
In base 4, what is -11011030 - -3033200?
-1311230
In base 14, what is 1509a - 4b5?
149c5
In base 11, what is -5 - 77350a43?
-77350a48
In base 7, what is 11655 + 45453?
60441
In base 4, what is 1301111320 - 321?
1301110333
In base 4, what is -22320 + 3100322311?
3100233331
In base 4, what is 2112101123123 - -10?
2112101123133
In base 4, what is -30232112 - -2212?
-30223300
In base 2, what is -100000 - -10100110100001001000?
10100110100000101000
In base 12, what is -3 - -a29?
a26
In base 9, what is 73765816 - -7?
73765824
In base 10, what is -1 - -1097493?
1097492
In base 7, what is 1165611 + 241?
1166152
In base 12, what is 130147 + -26?
130121
In base 16, what is -781b7 + 0?
-781b7
In base 2, what is -11010000000001010100 + -10100111101?
-11010000010110010001
In base 13, what is c2 - -56abc?
56bb1
In base 16, what is -333ac + -b7?
-33463
In base 15, what is 0 + -4e7cbec?
-4e7cbec
In base 2, what is -101 + -10011100111010101110101?
-10011100111010101111010
In base 8, what is -24 - 4705713?
-4705737
In base 8, what is 651643 + -4365?
645256
In base 4, what is -31000232222 - 1333?
-31000300221
In base 9, what is 7 + 2226567?
2226575
In base 13, what is 0 + -7001bb?
-7001bb
In base 12, what is -2b56b5 + 4?
-2b56b1
In base 14, what is -46094 - -226?
-45c6c
In base 9, what is -2060 + 8381?
6321
In base 15, what is 7bd4 + 125c?
8e41
In base 8, what is -10104 - 35405?
-45511
In base 2, what is -10111101001001011001 + 1?
-10111101001001011000
In base 14, what is 53 + -1213?
-11a0
In base 3, what is -2102 - 12222101112?
-12222110221
In base 14, what is 402d751 - 13?
402d73c
In base 13, what is 1 + -16a7657?
-16a7656
In base 12, what is 566 - 1336?
-990
In base 5, what is -41223134044 - 0?
-41223134044
In base 13, what is 6296 - 71?
6225
In base 3, what is 21111121 + 21200?
21210021
In base 10, what is 31486 - 2428?
29058
In base 3, what is 100 + 101211102010102?
101211102010202
In base 6, what is -3 - 1041504543?
-1041504550
In base 12, what is 43333b6 - -3?
43333b9
In base 7, what is -454403142 + -5?
-454403150
In base 4, what is -221112312123 - -1?
-221112312122
In base 9, what is -1454 + -340537?
-342102
In base 13, what is -264b0c5 + b?
-264b0b7
In base 11, what is 1324 - -28825?
2a049
In base 9, what is -7480448 + 86?
-7480352
In base 4, what is -2130330231 + 102